
Let h(g) = g**2 - 8*g - 18. Let j be h(10). Suppose j*n + 1196 = 3622. Is (n/(-5))/((-7)/35) a composite number?
False
Let l = 20 + 4. Suppose 20*z - l*z + 6520 = 0. Let a = 1611 + z. Is a composite?
True
Let k(s) = -2*s - 3. Let o be k(-5). Let i(y) be the second derivative of y**5/20 - y**4/3 - y**3/6 - 9*y**2/2 + 21*y. Is i(o) composite?
False
Let u(f) = 98*f + 115*f - 76*f. Let b = -1629 - -1634. Is u(b) composite?
True
Let f(k) = -k - 2. Let r be f(-4). Suppose 481 = 5*d + 2*q, -r*d + 0*q + 198 = -2*q. Is d a composite number?
False
Let s = 6279 + -1496. Is s a composite number?
False
Suppose -3*t = 3*o + 45, o - 2*t = 3*t + 3. Let j(y) = y**3 + 16*y**2 + 5*y - 19. Is j(o) a prime number?
False
Let j(v) = -176*v**3 - 2*v**2 + 7*v + 19. Is j(-2) a prime number?
False
Suppose j + 3*p = -383 - 1006, 5*j + 6880 = -2*p. Let r = -487 - j. Is r prime?
True
Suppose 92519 = 24*b - 94993. Is b composite?
True
Suppose 0 = 3*z - l - 3777, 0 = -z + 2*l + 846 + 413. Is z a prime number?
True
Let p(a) = -a**3 - 9*a**2 - a - 4. Let k be p(-9). Suppose k = -0*b + b. Suppose -3*r + 95 = 2*s, 2*s + s - b*r - 133 = 0. Is s a prime number?
False
Let u(a) = -310*a**3 - a**2 + 9*a + 5. Is u(-3) composite?
True
Suppose 31350 = 32*u - 110762. Is u prime?
True
Let b = 757 + -411. Suppose -b = 5*n - 1241. Is n prime?
True
Let l = 17455 + -10934. Is l a prime number?
True
Let s = 2 + 15. Let b be (-3 - s) + 0 + 3. Let j = b - -84. Is j a prime number?
True
Let n(l) = -210*l**2 + l - 3. Suppose 10 + 7 = 4*k - 5*a, k = -5*a - 2. Let q(z) = -210*z**2 + z - 4. Let y(m) = k*q(m) - 4*n(m). Is y(1) a prime number?
False
Let i(d) = -136*d**3 + 5*d**2 + 8*d + 9. Let t be i(-4). Suppose 8*f + 3009 = t. Is f a composite number?
False
Let z = 1107 + -434. Is z prime?
True
Let t(o) = 5*o**3 + 4*o**2 + 5*o + 3. Suppose d = -3*d + 20. Is t(d) composite?
True
Let h be (-65 - 2)/(2*4/(-8)). Suppose 0 = 4*o - 2*o + g - h, -3*g + 131 = 4*o. Is o a composite number?
True
Let d(h) = 24*h**2 + 7. Is d(4) composite?
True
Let m = 9394 - 5786. Suppose m = -4*y - 4*s, 0 = -4*y - 2*s + 1961 - 5569. Let r = y - -1809. Is r prime?
True
Let v be (-13)/(-3) + -5 + 7816/6. Suppose 4*d + 3*r - v = r, -15 = -3*r. Is d composite?
True
Suppose -3*s + 4*x = -23987, -5*s + 4*s = 5*x - 8002. Is s composite?
True
Let p(h) = 50*h + 69*h + 23 + 9*h. Is p(3) prime?
False
Let y = -21498 - -61157. Is y a composite number?
False
Let l be (6/7)/((-5)/(-35)). Suppose 0 = -y + 4*w + 93, 5*y + l*w = 2*w + 489. Is y a prime number?
True
Suppose -5*l = -2*b - 762, 4*b + 442 = 3*l - b. Suppose -3*p = -i + l, -2*p + 3*i = -2*i + 81. Let g = p + 262. Is g prime?
False
Let m = -24 - -11. Let c = -15 - m. Is ((-2)/c)/(9/1719) a prime number?
True
Suppose 7 = -4*c + d, -4*c - 22 = -0*c + 2*d. Is -381*4/36*c prime?
True
Let b = -65079 - -93202. Is b prime?
True
Let n = -8131 - -17814. Is n composite?
True
Let o(v) = -2*v - 2. Let y be o(-7). Suppose g - 589 = s, -7*s = -3*s - y. Suppose 4*a = -4*j + g, 4*a - 2*j - 227 = 347. Is a composite?
True
Suppose 5*o - 869 = -2*x, 0*x - 3*o = -4*x + 1673. Is x composite?
True
Suppose 0*v - 6 = -v. Suppose 0*i - 2*i + v = 0, -2*z - 5*i + 19 = 0. Suppose -z*l = -3*c + 5*c - 14, -3*c + 29 = l. Is c a prime number?
True
Let v(j) = -2*j**3 + 3*j**2 + j - 5. Let h be ((-39)/(-15) + -2)*10. Let t be v(h). Let f = t + 574. Is f a prime number?
True
Let b(v) = -11768*v**3. Let i be b(-1). Suppose 4*h - 9408 = -4*n, -5*n - 3*h + 2*h + i = 0. Is n/18 + 2/9 composite?
False
Suppose 2*u = 6*u. Suppose -3*o - 18 = -3*c - 0*o, -2*c + 4*o + 18 = u. Suppose c*l - 5*b = 171, 4*l - 245 = 3*b - 2*b. Is l composite?
True
Let w = 5285 - 8865. Let v = w - -1617. Let t = v - -2858. Is t a composite number?
True
Suppose -3*m + n + 10821 = 0, 12*m - 7214 = 10*m - 2*n. Is m a composite number?
False
Suppose -319*z = -327*z + 639640. Is z a prime number?
False
Let i(a) = 1361*a - 315. Is i(2) composite?
True
Is 5 - (18 + -9 - 3663) prime?
True
Is ((-663)/(-68))/13*(-67684)/(-3) composite?
False
Let q(p) = 32*p**3 - 5*p**2 + 8*p - 75. Is q(8) composite?
True
Let q = 108 + 88. Suppose q - 1184 = -4*u. Is u prime?
False
Let a be 4/18 + (-6422)/(-18). Let d be (-3*20/12)/(-1). Suppose -a = -4*m - d*t, -3*t + 502 = 5*m + 72. Is m a prime number?
True
Suppose -d + 11 = -0*d. Suppose -4*o = -d*o + 406. Is o a composite number?
True
Let w be 183/(-6)*(6 - 0). Let s = 367 + -624. Let q = w - s. Is q a composite number?
True
Let p = 11 - 14. Let m(u) = -38*u**2 - 9*u - 10. Let v(y) = y + 1. Let h(x) = -m(x) - 6*v(x). Is h(p) a prime number?
True
Let c(j) = j - 10. Let m be c(8). Is ((-1)/2)/(m/348) composite?
True
Let o(n) = -11067*n - 188. Is o(-5) a composite number?
False
Let m = -445 + 1419. Suppose 10*j - 12*j + m = 0. Is j a composite number?
False
Let v be (-2)/(-12) - (-12019)/102. Suppose 0 = -v*m + 120*m - 1126. Is m composite?
False
Suppose -5*q + 11 = -944. Is q composite?
False
Is 257/(-4)*(-11 + 7) a prime number?
True
Let o(b) = 2*b**2 + 4*b + 3. Let l(k) = -3*k**2 - 5*k - 2. Let g(f) = 5*l(f) + 4*o(f). Let s(d) be the first derivative of g(d). Is s(-7) composite?
False
Let t(g) = 1457*g + 1061. Is t(6) a composite number?
False
Is 16/8 + 4/2 - -10003 a prime number?
True
Let u(f) be the second derivative of f**4/6 + f**3/3 - 3*f**2 - 12*f. Let b be u(5). Let o = b - -23. Is o a composite number?
True
Let o(x) = x**3 - 5*x**2 - 5*x. Let m be o(6). Let j be m*3/((-36)/(-8)). Suppose z + 2*s + 783 = 4*z, -3*s - 1045 = -j*z. Is z prime?
False
Is (907/(-2))/((84/(-24))/7) a prime number?
True
Suppose -5*v + 0 = 10. Suppose 0 = 4*p - 2652 + 8628. Is p/(v/1) + -2 prime?
False
Suppose 4*j - 73911 = -y, -35*j + 40*j = 2*y + 92405. Is j prime?
False
Let n = -12194 - -20653. Is n composite?
True
Suppose 3*h + 5*q = 24, -4*q + 15 = 4*h - 9. Let l(u) = 4*u**2 + u + u - 8*u**2 + u + u**3 - h. Is l(5) prime?
True
Let o = 35 + -31. Let m(s) = -s**3 + 5*s**2 - 4*s + 5. Let y be m(o). Suppose -4*p + y*p = 157. Is p a composite number?
False
Let q(p) = 17*p**2 + 3. Let u(j) = -35*j**2 - j - 6. Let t(a) = 7*q(a) + 3*u(a). Let v be t(3). Let i = -35 + v. Is i a composite number?
True
Let c = 114 + 348. Let g be 1 + 0 - (-6 + 2). Suppose -a = g*a - c. Is a a composite number?
True
Suppose 0*z + b + 1017 = z, -5*z - 5*b + 5085 = 0. Suppose -h = 2*h - z. Is (-2)/4 - h/(-2) prime?
False
Let q = 1841 + 1172. Is q composite?
True
Suppose 2*f - 2*h - 1617 = 1115, 0 = 5*h + 25. Is f a composite number?
False
Let h(z) = -z**3 + 18*z**2 + z - 16. Suppose 2*k - 48 = 3*t, -k - 5*t + 1 = 3. Let g be h(k). Suppose 7 - 45 = -g*i. Is i composite?
False
Let f be ((-6)/4)/((-6)/376). Let l(b) = 6*b**2 + 8*b + 5. Let k be l(-2). Suppose 11*u - k*u + f = 0. Is u a composite number?
False
Suppose -c + 0*c = 3*o + 3, 11 = 5*c + 2*o. Is c*(-7624)/(-12) + -2 + -3 prime?
True
Suppose 2*w - 11027 = j, -5*w + j + 32068 = 4502. Is w composite?
True
Is (-431327)/(-117) + (-4)/(-9) prime?
False
Let k be (-2770)/(-50) - (-2)/(-5). Suppose 0 = -2*f + k + 103. Is f prime?
True
Let t(z) = -z**3 + 5*z**2 + 7*z - 3. Let g be t(6). Suppose 348 = 7*o - 5*o. Suppose g*u - o = 1323. Is u a prime number?
True
Let v = 314 + 63. Is v prime?
False
Suppose 2*s - 4*w + 8*w - 47602 = 0, 95178 = 4*s - 5*w. Is s a prime number?
False
Suppose -3*g + 16 + 2 = 0. Let w(i) = i - 5. Let x be w(g). Let c = 78 - x. Is c composite?
True
Let t = -1398 - -3316. Let o = t + -831. Is o prime?
True
Let u(m) = 804*m**3 - m + 1. Let p be u(1). Let x = p + -1133. Let k = 487 + x. Is k a composite number?
True
Let l = 1088 - 690. Let o = 281 - 153. Suppose -274 = -3*i + p, -3*i - 3*p + l = o. Is i a composite number?
True
Suppose 63*c + 7*c - 301210 = 0. Is c composite?
True
Let h(u) = -u**2 + 9*u. Let b be h(9). Suppose -5*a + 2423 = 3*l, b = a + 4*l - 0*l - 471. Is a prime?
True
Let j(t) = 10*t**3 + t**2 - t + 1. Let z(q) = -5*q**3 + q. Let l(x) = 3*j(x) + 5*z(x). Is l(4) a prime number?
True
Suppose 3*p - 1935 = 5*v, -5*p + 3*v + 3208 = -17. Let t = p - -2012. Is t a composite number?
False
Suppose 0 = 18*t - 19*t + 4. Let f(c) = -2*c + 9. Let w be f(t). Is 502*(-3)/(-6)*w a composite number?
False
Suppose 21*v - 84430 = 11*v. Is v a composite number?
False
Suppose -2*v + 2 = 3*t, 